ivisor of c and 72?
9
Suppose -7*q + 6*q = 3*t, -3*q + 5*t = -70. What is the highest common divisor of 120 and q?
15
Suppose -2*m + 13 = 5*a, m - 2 = -3*a + 4. What is the greatest common divisor of 27 and m?
9
Let s(q) = 42*q - 159. Let j be s(4). What is the greatest common factor of j and 1341?
9
Let q = 38 - 56. Let i be 9/2*24/q. Let f be (-12)/(-9) + i/(-9). What is the highest common divisor of 18 and f?
2
Let w(d) = -d**3 + d**2 + 3*d - 11. Let c be w(-4). Let x = 18 + 19. Let r = c - x. What is the highest common factor of 5 and r?
5
Let y(j) = j**2 + 3*j. Let k be y(6). Suppose -9 + k = -5*p. Let x = p + 26. Calculate the highest common divisor of 17 and x.
17
Let n = -124 + 52. Let o = 2 - n. What is the greatest common factor of 37 and o?
37
Suppose -3*x + x = -2*r + 6, r + 3 = -x. Let p(l) = 4*l**2 + l - 5. Let q be p(x). Calculate the highest common divisor of q and 28.
28
Let u be (-4)/30 + (-22244)/(-1005). Calculate the greatest common divisor of u and 198.
22
Let a(d) = d**3 - 17*d**2 + 18*d - 28. Let g be a(16). What is the greatest common factor of g and 1?
1
Let w(s) = s**2 + 9*s + 11. Let r be w(-8). Suppose -d + 23 = n - 0*n, 3*d + 2*n - 66 = 0. Let y = d - 18. Calculate the highest common divisor of r and y.
1
Suppose -3*d - f = -464, 2*d + 2*f = 4*f + 320. What is the highest common divisor of d and 48?
12
Let r(l) = -187*l - 32. Let h be r(-2). What is the greatest common divisor of 36 and h?
18
Suppose 13*v = 3*v + 990. What is the highest common factor of 9 and v?
9
Suppose -k = o - 55 - 100, -3*k + 4*o + 451 = 0. Suppose -227 = 5*i - 737. What is the highest common factor of k and i?
51
Let x be (-2 + (-24)/(-1))*574/28. Calculate the highest common factor of x and 11.
11
Suppose -5*w + 2*x = -14, -2*w + 1 = 4*x - 19. Suppose w*u + 66 = -66. Let c = 47 + u. Calculate the greatest common factor of c and 35.
7
Suppose 4*b - 146 = -0*r + r, -4*b + 148 = -2*r. Let n(p) = -p**2 - p. Let d be n(0). Let i be 90 + d/(-3) - 0. Calculate the highest common factor of i and b.
18
Suppose -14*o = -26*o + 420. What is the greatest common divisor of o and 595?
35
Let o = 95 - 7. Suppose 4*u - 38 = -3*a - 6, 0 = -2*u + 4. Calculate the greatest common factor of o and a.
8
Suppose -3*t + 13 + 8 = 0. Suppose q = 15 - t. What is the greatest common divisor of q and 40?
8
Suppose -2*c - 3*b + 204 = -8*b, 3*c - 306 = -2*b. Calculate the highest common divisor of c and 255.
51
Let d(f) = 2*f**2 + 12*f + 5. Let b be d(-5). Let x be (-4 + 2 - b)/((-2)/(-12)). What is the highest common factor of 27 and x?
9
Suppose -2*t - 3*w = -7*w - 1454, -4*t = 4*w - 2920. Calculate the highest common factor of t and 27.
27
Suppose -c - 4 = -7. Suppose f + c*d - 20 = 0, 4*f - 46 = -3*d + 16. What is the greatest common divisor of f and 224?
14
Let y(c) = -2*c + 38. Let x be y(-14). Calculate the highest common factor of 77 and x.
11
Let w be (-112)/(-32)*(43/7 + -1). What is the greatest common factor of 90 and w?
18
Let d = 218 - 210. Calculate the greatest common divisor of d and 104.
8
Let t = -2 - -6. Suppose -2*r - 5*y = -199, -t*r = r - 3*y - 482. Let l = r - 42. Calculate the highest common factor of 5 and l.
5
Suppose c = o + 4 + 13, o + 41 = -5*c. Let v be (-6)/o - 4180/(-70). What is the highest common factor of 12 and v?
12
Let p be ((-128)/(-36))/8 - 2602/(-18). What is the greatest common divisor of p and 10?
5
Let w(m) = m**3 + 3*m**2 + 3. Let v be w(-3). Let j(b) = b**3 - 10*b**2 + 4*b - 19. Let t be j(10). Calculate the greatest common factor of t and v.
3
Let g(u) = -9*u**2 + 218*u - 36. Let n be g(24). Suppose -3*f + 445 - 10 = 4*z, 0 = -2*z - f + 217. Calculate the highest common factor of n and z.
12
Let j be (51/9 - 5)/((-2)/(-48)). Let y = -109 + 157. What is the highest common factor of j and y?
16
Suppose -2*l - 36 = -6*l. Suppose 5*m - l*m = 12. Let q be 3*m*(-2)/6. Calculate the greatest common divisor of q and 27.
3
Suppose -1147 = -32*o + 1317. Calculate the greatest common divisor of 165 and o.
11
Let r(i) = i**3 + 2*i**2 + 3. Let m be r(0). Suppose m + 0 = y. Let s be ((-21)/4)/(1/(-4)). What is the highest common divisor of s and y?
3
Let z be (-4)/(-5)*(-25)/(-2). Suppose 5*r - 749 = -3*d, 3*r = -r + 4*d + 612. Let m = -141 + r. What is the highest common divisor of z and m?
10
Suppose 3*n - 22 = 2*y, 3*n = -3*y + 2*y + 34. Let a = -7 + n. What is the greatest common divisor of a and 33?
3
Let x = -194 - -210. What is the highest common divisor of 96 and x?
16
Let k = -1283 - -1298. Calculate the greatest common divisor of k and 2550.
15
Suppose 3*l + 18 = 96. Calculate the highest common factor of 208 and l.
26
Let r(s) = s**3 - 8*s**2 - 5*s - 6. Let u be r(9). Let t be 4 + (73 - (0 + 2)). Calculate the greatest common divisor of u and t.
15
Suppose 23 = 5*p - 52. Suppose j + p = -21. Let v = j - -58. What is the greatest common factor of v and 33?
11
Let x(d) = -5*d + 75. Let c be x(5). What is the greatest common factor of 100 and c?
50
Let y(u) be the first derivative of -u**4/4 + 4*u**3 + 15*u**2 - 27*u - 5. Let m be y(14). Calculate the highest common factor of m and 23.
1
Suppose 2*v = -0*v + 260. Let q be v/14 - 6/21. Let t(g) = 12*g - 36. Let s be t(6). Calculate the greatest common factor of s and q.
9
Suppose f = -3*a + 5 + 7, -3*f = -a + 4. Let d(y) = y + 17. Let u be d(f). What is the greatest common factor of 34 and u?
17
Let v be (-3)/(3/70)*(-8)/16. What is the highest common factor of v and 21?
7
Let k = -63 - -21. Let y = 62 + k. Let z = 132 - -88. Calculate the highest common factor of y and z.
20
Let z(r) = 2*r**2 - 4*r + 22. Let n be z(-8). What is the highest common factor of 52 and n?
26
Let n = 3 - 3. Suppose -5*z + 4*w - w = -370, n = -4*z + w + 303. Let a = 1 - -10. What is the highest common factor of z and a?
11
Suppose -12 = -2*y - 114. Let x be 1360/y + (-2)/6. Let r = -26 - x. What is the greatest common divisor of 1 and r?
1
Suppose 3*a - q = 3*q + 28, 3*q = -5*a + 37. Let v be 70/385 + 4/22*109. What is the greatest common divisor of a and v?
4
Let s(y) = 16*y + 130. Let r be s(1). Calculate the greatest common factor of r and 4526.
146
Suppose -8*j + 6003 = 1011. Calculate the greatest common divisor of 36 and j.
12
Suppose 7 = s + 4*y - 4, -y + 17 = 5*s. Let x be 13 - (3 - s - -4). What is the highest common divisor of x and 90?
9
Let v(r) = 16*r - 7. Let a(w) = -w + 1. Let x(z) = -6*a(z) - v(z). Let d be x(-2). Suppose 55 = 11*o - 22. Calculate the highest common divisor of d and o.
7
Let u(b) = 21*b - 1. Let r be u(1). Suppose 0 = 3*q + q - r. What is the greatest common factor of q and 50?
5
Let m = 281 + -228. Calculate the highest common factor of 1431 and m.
53
Suppose 8*r - 4*r = 12. Suppose r*b = 663 + 1545. Let d = -461 + b. Calculate the greatest common factor of d and 25.
25
Suppose -4 = j - 26. Let k = -16 + j. Let t be (26/(-4))/(k/(-60)). Calculate the greatest common factor of t and 13.
13
Let o be 34 - 11/(66/(-36)). Calculate the greatest common divisor of 5 and o.
5
Let u be (8 - 228/24)*94/(-3). Calculate the greatest common divisor of 4559 and u.
47
Let j(v) = -v**2 - 27*v - 140. Let o be j(-16). What is the greatest common divisor of 48 and o?
12
Let v be (-4)/(-2) - (-15 + -15). Suppose 2*w + 2*w = l + 55, -4*w + 58 = -2*l. Suppose -4*f + w + 3 = 0. Calculate the greatest common factor of v and f.
4
Suppose -5*l + 2*l + 12 = -3*f, 2*l - 8 = -2*f. Suppose -280 = -r - l*r. Let w = r + -38. Calculate the greatest common factor of 162 and w.
18
Let h = -320 + 475. What is the greatest common divisor of h and 31?
31
Let w = -1166 + 1202. Calculate the greatest common divisor of w and 1644.
12
Let i = 13 - 2. Suppose 5*o - 3*h + i - 62 = 0, 4*h = o. Suppose n = 3*m + 3, -3*m - o + 3 = -2*n. What is the greatest common factor of n and 12?
6
Let b = 131 - 138. Let z(a) = -10*a + 62. Let j be z(b). Calculate the greatest common divisor of 24 and j.
12
Let y = -13 + 19. Let s(j) = 31 + 40*j - j**3 - 14*j - 46 + 10*j**2. Let t be s(12). What is the greatest common divisor of y and t?
3
Let u(s) = 10*s**2 - 4*s + 3. Let t be u(3). Let j(l) = 3*l**2 + 50*l - 8. Let h be j(-17). Calculate the greatest common factor of t and h.
9
Let q be ((-31)/124)/((-2)/16). Let l(u) = u